{"id":970,"date":"2013-05-20T16:46:13","date_gmt":"2013-05-20T16:46:13","guid":{"rendered":"http:\/\/iesevilla.edu.co\/sitio\/?page_id=970"},"modified":"2013-05-20T16:47:34","modified_gmt":"2013-05-20T16:47:34","slug":"rectoria","status":"publish","type":"page","link":"http:\/\/iesevilla.edu.co\/sitio\/rectoria\/","title":{"rendered":"Rector\u00eda"},"content":{"rendered":"<p>El Rector de la instituci\u00f3n es la primera autoridad administrativa y docente del establecimiento, tiene la responsabilidad de lograr que la instituci\u00f3n ofrezca los servicios educativos adecuados, que el estudiante alcance los objetivos educacionales y se cumplan las disposiciones legales emanadas de los organismos educativos gubernamentales. Para ello se apoya en la Gerencia Administrativa, los Coordinadores acad\u00e9micos y de convivencia, el Orientador escolar, el personal administrativo, el equipo docente, los estudiantes y dem\u00e1s comunidad educativa, as\u00ed mismo en uni\u00f3n con los estamentos del Gobierno Escolar, Consejo Directivo, Consejo Acad\u00e9mico, Consejo Estudiantil, Personero de los estudiantes y \u00a0\u00a0Asociaci\u00f3n de Padres de Familia, propone, ejecuta y eval\u00faa todas aquellas actividades que conduzcan a la formaci\u00f3n del estudiante y al mejoramiento de los indicadores educativos sobre calidad, permanencia y oferta educativa.<\/p>\n<p>En la actualidad el Rector de la Instituci\u00f3n Educativa Sevilla es el Especialista NOREMBERG CALDER\u00d3N VIVI, Bachiller acad\u00e9mico del Colegio General Santander, Bachiller pedag\u00f3gico de la Normal Departamental Mar\u00eda Inmaculada, egresado de la Licenciatura en Educaci\u00f3n B\u00e1sica de la Universidad Javeriana, con especializaci\u00f3n en Educaci\u00f3n Sexual de la Universidad Antonio Nari\u00f1o y diplomados en Gerencia Escolar de las Universidades del Valle e Icesi, adicionalmente con formaci\u00f3n en T\u00e9cnicas de oficina del Sena y Manejo de Tics del Ministerio de Educaci\u00f3n Nacional. Lleg\u00f3 a la Instituci\u00f3n Educativa Sevilla en enero del 2008, con una amplia trayectoria como docente de B\u00e1sica y 6 a\u00f1os como Director y rector de Instituciones rurales. Su gesti\u00f3n se ha centrado en la organizaci\u00f3n del Plan de Estudios que respondan a las necesidades de la comunidad y a los nuevos retos que la educaci\u00f3n superior exige de los bachilleres, sobre la base de un estudiante en evoluci\u00f3n permanente, que proyecta ideas, procesos, proyectos e hip\u00f3tesis y exterioriza su capacidad creativa y moralmente. En el aspecto de la convivencia la b\u00fasqueda de una autorreflexi\u00f3n que permita al estudiante conocer y manejar su personalidad y car\u00e1cter de una manera constructiva para unirse en un ejercicio pac\u00edfico y arm\u00f3nico a sus compa\u00f1eros de clase y de colegio, en aras de mejorar cada d\u00eda el aprendizaje y las relaciones humanas, fieles al lema institucional \u201cTALENTOS CON CALIDAD HUMANA\u201d<\/p>\n<p>Para el 2013 el espacio asignado a la Rector\u00eda cambi\u00f3 sustancialmente ya que se realiz\u00f3 la adecuaci\u00f3n de la antigua rector\u00eda, resultando con ello una oficina mucho m\u00e1s funcional, con un dise\u00f1o moderno y un espacio ideal para hacer reuniones con miembros del Consejo Directivo, equipo de coordinadores y comit\u00e9s de \u00e1rea, atenci\u00f3n a la comunidad y a funcionarios del establecimiento. Tambi\u00e9n se aprovech\u00f3 un espacio adyacente como lugar para salvaguardar parte del archivo hist\u00f3rico que eventualmente es consultado para diligenciar documentos solicitados por personal ya retirado de la instituci\u00f3n hace a\u00f1os.<\/p>\n","protected":false},"excerpt":{"rendered":"<p>El Rector de la instituci\u00f3n es la primera autoridad administrativa y docente del establecimiento, tiene la responsabilidad de lograr que la instituci\u00f3n ofrezca los servicios educativos adecuados, que el estudiante alcance los objetivos educacionales y se cumplan las disposiciones legales emanadas de los organismos educativos&nbsp;<a href=\"http:\/\/iesevilla.edu.co\/sitio\/rectoria\/\">&hellip;<\/a><\/p>\n","protected":false},"author":1,"featured_media":0,"parent":0,"menu_order":0,"comment_status":"open","ping_status":"open","template":"","meta":{"footnotes":""},"class_list":["post-970","page","type-page","status-publish","hentry","odd"],"_links":{"self":[{"href":"http:\/\/iesevilla.edu.co\/sitio\/wp-json\/wp\/v2\/pages\/970","targetHints":{"allow":["GET"]}}],"collection":[{"href":"http:\/\/iesevilla.edu.co\/sitio\/wp-json\/wp\/v2\/pages"}],"about":[{"href":"http:\/\/iesevilla.edu.co\/sitio\/wp-json\/wp\/v2\/types\/page"}],"author":[{"embeddable":true,"href":"http:\/\/iesevilla.edu.co\/sitio\/wp-json\/wp\/v2\/users\/1"}],"replies":[{"embeddable":true,"href":"http:\/\/iesevilla.edu.co\/sitio\/wp-json\/wp\/v2\/comments?post=970"}],"version-history":[{"count":3,"href":"http:\/\/iesevilla.edu.co\/sitio\/wp-json\/wp\/v2\/pages\/970\/revisions"}],"predecessor-version":[{"id":973,"href":"http:\/\/iesevilla.edu.co\/sitio\/wp-json\/wp\/v2\/pages\/970\/revisions\/973"}],"wp:attachment":[{"href":"http:\/\/iesevilla.edu.co\/sitio\/wp-json\/wp\/v2\/media?parent=970"}],"curies":[{"name":"wp","href":"https:\/\/api.w.org\/{rel}","templated":true}]}}