{"id":3067,"date":"2021-02-27T10:46:00","date_gmt":"2021-02-27T15:46:00","guid":{"rendered":"http:\/\/iesevilla.edu.co\/sitio\/?page_id=3067"},"modified":"2021-04-26T16:01:16","modified_gmt":"2021-04-26T21:01:16","slug":"rector","status":"publish","type":"page","link":"http:\/\/iesevilla.edu.co\/sitio\/rector\/","title":{"rendered":"Rector"},"content":{"rendered":"<p>[vc_row][vc_column css=&#8221;.vc_custom_1490017614850{margin-bottom: 30px !important;}&#8221;][vc_custom_heading text=&#8221;Mensaje Rector Instituci\u00f3n&#8221; font_container=&#8221;tag:h1|text_align:center&#8221; use_theme_fonts=&#8221;yes&#8221; css=&#8221;.vc_custom_1614441172789{margin-top: 0px !important;margin-bottom: 20px !important;}&#8221;][vc_custom_heading text=&#8221;EDUCAR EL TALENTO PARA EL PROGRESO HUMANO&#8221; font_container=&#8221;tag:h4|text_align:center&#8221; use_theme_fonts=&#8221;yes&#8221;][\/vc_column][\/vc_row][vc_row][vc_column css=&#8221;.vc_custom_1491470191130{margin-bottom: 0px !important;}&#8221;][vc_single_image image=&#8221;2565&#8243; alignment=&#8221;center&#8221; style=&#8221;vc_box_circle_2&#8243; css_animation=&#8221;fadeIn&#8221; css=&#8221;.vc_custom_1614441579625{margin-top: 0px !important;margin-bottom: 0px !important;border-top-width: 0px !important;background-color: #f2f2f2 !important;}&#8221;][vc_column_text css=&#8221;.vc_custom_1619470862043{padding-top: 35px !important;padding-right: 35px !important;padding-left: 35px !important;background-color: #f2f2f2 !important;}&#8221; el_class=&#8221;justify-text&#8221;]Hablar de educaci\u00f3n es hablar de progreso, no solo en aspectos econ\u00f3micos y sociales sino tambi\u00e9n en cuanto a cultura y valores humanos, algo de lo que tanto se habla en estos tiempos y que es esencial si de verdad se pretende alcanzar una sociedad m\u00e1s civilizada, productiva y justa. La educaci\u00f3n es imprescindible en todo sentido, fomenta la prosperidad social, reduce desigualdades sociales, empodera y facilita el ascenso de grupos vulnerables de la sociedad y garantiza un mejor pa\u00eds con menos violencia, m\u00e1s paz y entendimiento y sobretodo, genera oportunidades para todos. La educaci\u00f3n siempre ha sido \u2013al menos en el papel- \u00a0el estandarte de los pueblos pero hoy por hoy adquiere mayor relevancia dado el acelerado avance de la ciencia y el din\u00e1mico florecimiento de medios y tecnolog\u00edas de la informaci\u00f3n, los cuales se mueven en un contexto competitivo en b\u00fasqueda de ese santo grial de la existencia, el conocimiento. Este es indudablemente el motor de progreso y cambio en las sociedades, el conocimiento genera m\u00faltiples posibilidades y propone soluciones concretas a problemas concretos y de caracterizada actualidad.<\/p>\n<p>La Instituci\u00f3n Educativa Sevilla, consciente del papel trascendental que la educaci\u00f3n juega en el presente y futuro de las personas, especialmente de ni\u00f1os, ni\u00f1as y j\u00f3venes, propone un enfoque pedag\u00f3gico centrado en b\u00fasqueda del conocimiento y desarrollo de valores, dos pilares fundamentales en el descubrimiento y construcci\u00f3n del talento humano, entiende que el objetivo principal de la educaci\u00f3n es el sujeto que se forma y aprende en comunidad y por ello dedica todo sus esfuerzos al descubrimiento de esas potencialidades individuales y colectivas que har\u00e1n de ellos y de nuestra sociedad un mejor pa\u00eds y un mejor \u201cvividero\u201d, objetivo destacable para una naci\u00f3n que quiere prosperar\u00a0 y \u00a0desarrollarse firme y equitativamente. Nuestra misi\u00f3n consuetudinaria seguir\u00e1 siendo la de formar talentos con calidad humana, siempre bajo la \u00f3ptica del respeto a la persona y el impulso a sus capacidades intelectuales y acad\u00e9micas m\u00e1s pertinentes, contribuyendo con ello a fortalecer el tejido social y generar en las nuevas generaciones la suficiente motivaci\u00f3n hacia el aprendizaje y el desarrollo de sus competencias, elementos esenciales de un futuro posible y mejor para ellos y para un mundo en constante transformaci\u00f3n.<\/p>\n<p><strong>Noremberg Calder\u00f3n Vivi \u2013 Rector<\/strong>[\/vc_column_text][\/vc_column][\/vc_row]<\/p>\n","protected":false},"excerpt":{"rendered":"<p>[vc_row][vc_column css=&#8221;.vc_custom_1490017614850{margin-bottom: 30px !important;}&#8221;][vc_custom_heading text=&#8221;Mensaje Rector Instituci\u00f3n&#8221; font_container=&#8221;tag:h1|text_align:center&#8221; use_theme_fonts=&#8221;yes&#8221; css=&#8221;.vc_custom_1614441172789{margin-top: 0px !important;margin-bottom: 20px !important;}&#8221;][vc_custom_heading text=&#8221;EDUCAR EL TALENTO PARA EL PROGRESO HUMANO&#8221; font_container=&#8221;tag:h4|text_align:center&#8221; use_theme_fonts=&#8221;yes&#8221;][\/vc_column][\/vc_row][vc_row][vc_column css=&#8221;.vc_custom_1491470191130{margin-bottom: 0px !important;}&#8221;][vc_single_image image=&#8221;2565&#8243; alignment=&#8221;center&#8221; style=&#8221;vc_box_circle_2&#8243; css_animation=&#8221;fadeIn&#8221; css=&#8221;.vc_custom_1614441579625{margin-top: 0px !important;margin-bottom: 0px !important;border-top-width: 0px !important;background-color: #f2f2f2 !important;}&#8221;][vc_column_text css=&#8221;.vc_custom_1619470862043{padding-top: 35px !important;padding-right: 35px !important;padding-left: 35px&nbsp;<a href=\"http:\/\/iesevilla.edu.co\/sitio\/rector\/\">&hellip;<\/a><\/p>\n","protected":false},"author":1,"featured_media":0,"parent":0,"menu_order":0,"comment_status":"closed","ping_status":"closed","template":"","meta":{"footnotes":""},"class_list":["post-3067","page","type-page","status-publish","hentry","odd"],"_links":{"self":[{"href":"http:\/\/iesevilla.edu.co\/sitio\/wp-json\/wp\/v2\/pages\/3067","targetHints":{"allow":["GET"]}}],"collection":[{"href":"http:\/\/iesevilla.edu.co\/sitio\/wp-json\/wp\/v2\/pages"}],"about":[{"href":"http:\/\/iesevilla.edu.co\/sitio\/wp-json\/wp\/v2\/types\/page"}],"author":[{"embeddable":true,"href":"http:\/\/iesevilla.edu.co\/sitio\/wp-json\/wp\/v2\/users\/1"}],"replies":[{"embeddable":true,"href":"http:\/\/iesevilla.edu.co\/sitio\/wp-json\/wp\/v2\/comments?post=3067"}],"version-history":[{"count":6,"href":"http:\/\/iesevilla.edu.co\/sitio\/wp-json\/wp\/v2\/pages\/3067\/revisions"}],"predecessor-version":[{"id":3250,"href":"http:\/\/iesevilla.edu.co\/sitio\/wp-json\/wp\/v2\/pages\/3067\/revisions\/3250"}],"wp:attachment":[{"href":"http:\/\/iesevilla.edu.co\/sitio\/wp-json\/wp\/v2\/media?parent=3067"}],"curies":[{"name":"wp","href":"https:\/\/api.w.org\/{rel}","templated":true}]}}

<p>[vc_row][vc_column css=&#8221;.vc_custom_1490017614850{margin-bottom: 30px !important;}&#8221;][vc_custom_heading text=&#8221;Mensaje Rector Institución&#8221; font_container=&#8221;tag:h1|text_align:center&#8221; use_theme_fonts=&#8221;yes&#8221; css=&#8221;.vc_custom_1614441172789{margin-top: 0px !important;margin-bottom: 20px !important;}&#8221;][vc_custom_heading text=&#8221;EDUCAR EL TALENTO PARA EL PROGRESO HUMANO&#8221; font_container=&#8221;tag:h4|text_align:center&#8221; use_theme_fonts=&#8221;yes&#8221;][/vc_column][/vc_row][vc_row][vc_column css=&#8221;.vc_custom_1491470191130{margin-bottom: 0px !important;}&#8221;][vc_single_image image=&#8221;2565&#8243; alignment=&#8221;center&#8221; style=&#8221;vc_box_circle_2&#8243; css_animation=&#8221;fadeIn&#8221; css=&#8221;.vc_custom_1614441579625{margin-top: 0px !important;margin-bottom: 0px !important;border-top-width: 0px !important;background-color: #f2f2f2 !important;}&#8221;][vc_column_text css=&#8221;.vc_custom_1619470862043{padding-top: 35px !important;padding-right: 35px !important;padding-left: 35px !important;background-color: #f2f2f2 !important;}&#8221; el_class=&#8221;justify-text&#8221;]Hablar de educación es hablar de progreso, no solo en aspectos económicos y sociales sino también en cuanto a cultura y valores humanos, algo de lo que tanto se habla en estos tiempos y que es esencial si de verdad se pretende alcanzar una sociedad más civilizada, productiva y justa. La educación es imprescindible en todo sentido, fomenta la prosperidad social, reduce desigualdades sociales, empodera y facilita el ascenso de grupos vulnerables de la sociedad y garantiza un mejor país con menos violencia, más paz y entendimiento y sobretodo, genera oportunidades para todos. La educación siempre ha sido –al menos en el papel-  el estandarte de los pueblos pero hoy por hoy adquiere mayor relevancia dado el acelerado avance de la ciencia y el dinámico florecimiento de medios y tecnologías de la información, los cuales se mueven en un contexto competitivo en búsqueda de ese santo grial de la existencia, el conocimiento. Este es indudablemente el motor de progreso y cambio en las sociedades, el conocimiento genera múltiples posibilidades y propone soluciones concretas a problemas concretos y de caracterizada actualidad.</p>
<p>La Institución Educativa Sevilla, consciente del papel trascendental que la educación juega en el presente y futuro de las personas, especialmente de niños, niñas y jóvenes, propone un enfoque pedagógico centrado en búsqueda del conocimiento y desarrollo de valores, dos pilares fundamentales en el descubrimiento y construcción del talento humano, entiende que el objetivo principal de la educación es el sujeto que se forma y aprende en comunidad y por ello dedica todo sus esfuerzos al descubrimiento de esas potencialidades individuales y colectivas que harán de ellos y de nuestra sociedad un mejor país y un mejor “vividero”, objetivo destacable para una nación que quiere prosperar  y  desarrollarse firme y equitativamente. Nuestra misión consuetudinaria seguirá siendo la de formar talentos con calidad humana, siempre bajo la óptica del respeto a la persona y el impulso a sus capacidades intelectuales y académicas más pertinentes, contribuyendo con ello a fortalecer el tejido social y generar en las nuevas generaciones la suficiente motivación hacia el aprendizaje y el desarrollo de sus competencias, elementos esenciales de un futuro posible y mejor para ellos y para un mundo en constante transformación.</p>
<p><strong>Noremberg Calderón Vivi – Rector</strong>[/vc_column_text][/vc_column][/vc_row]</p>

<p>[vc_row][vc_column css=&#8221;.vc_custom_1490017614850{margin-bottom: 30px !important;}&#8221;][vc_custom_heading text=&#8221;Mensaje Rector Institución&#8221; font_container=&#8221;tag:h1|text_align:center&#8221; use_theme_fonts=&#8221;yes&#8221; css=&#8221;.vc_custom_1614441172789{margin-top: 0px !important;margin-bottom: 20px !important;}&#8221;][vc_custom_heading text=&#8221;EDUCAR EL TALENTO PARA EL PROGRESO HUMANO&#8221; font_container=&#8221;tag:h4|text_align:center&#8221; use_theme_fonts=&#8221;yes&#8221;][/vc_column][/vc_row][vc_row][vc_column css=&#8221;.vc_custom_1491470191130{margin-bottom: 0px !important;}&#8221;][vc_single_image image=&#8221;2565&#8243; alignment=&#8221;center&#8221; style=&#8221;vc_box_circle_2&#8243; css_animation=&#8221;fadeIn&#8221; css=&#8221;.vc_custom_1614441579625{margin-top: 0px !important;margin-bottom: 0px !important;border-top-width: 0px !important;background-color: #f2f2f2 !important;}&#8221;][vc_column_text css=&#8221;.vc_custom_1619470862043{padding-top: 35px !important;padding-right: 35px !important;padding-left: 35px&nbsp;<a href="http://iesevilla.edu.co/sitio/rector/">&hellip;</a></p>
