{"id":3030,"date":"2025-03-15T17:10:16","date_gmt":"2025-03-15T22:10:16","guid":{"rendered":"http:\/\/iesevilla.edu.co\/sitio\/?page_id=3030"},"modified":"2025-04-25T09:16:33","modified_gmt":"2025-04-25T14:16:33","slug":"pei","status":"publish","type":"page","link":"http:\/\/iesevilla.edu.co\/sitio\/pei\/","title":{"rendered":"P.E.I Acuerdo 02 de Marzo 13 de 2025"},"content":{"rendered":"<p>[vc_row][vc_column][vc_custom_heading text=&#8221;PROYECTO EDUCATIVO INSTITUCIONAL &#8211; PEI&#8221; font_container=&#8221;tag:h2|font_size:30px|text_align:center|line_height:38px&#8221; use_theme_fonts=&#8221;yes&#8221;][vc_column_text]<\/p>\n<p class=\"NW2006TextoNormalP\" align=\"justify\">Es la carta de navegaci\u00f3n de las escuelas y colegios, <span class=\"NW2006TextoNormalP\" xml:lang=\"ES-CO\">en donde se especifican entre otros aspectos los principios y fines del establecimiento, los recursos docentes y did\u00e1cticos disponibles y necesarios, la estrategia pedag\u00f3gica, el reglamento para docentes y estudiantes y el sistema de gesti\u00f3n.<\/span><\/p>\n<p class=\"NW2006TextoNormalP\" align=\"justify\"><span class=\"NW2006TextoNormalP\" xml:lang=\"ES-CO\">Seg\u00fan el art\u00edculo 14 del decreto 1860 de 1994,<\/span>\u00a0toda instituci\u00f3n educativa debe elaborar y poner en pr\u00e1ctica con la participaci\u00f3n de la comunidad educativa, un proyecto educativo institucional que exprese la forma como se ha decidido alcanzar los fines de la educaci\u00f3n definidos por la ley, teniendo en cuenta las condiciones sociales, econ\u00f3micas y culturales de su medio.<\/p>\n<p class=\"NW2006TextoNormalP\" align=\"justify\">El proyecto educativo institucional debe responder a situaciones y necesidades de los educandos, de la comunidad local, de la regi\u00f3n y del pa\u00eds, ser concreto, factible y evaluable.<\/p>\n<a href=\"http:\/\/iesevilla.edu.co\/sitio\/wp-content\/uploads\/2025\/04\/PEI-ACTUALIZACION-ACUERDO-02-DE-MARZO-13-DE-2025-OK.pdf\" class=\"pdfemb-viewer\" style=\"\" data-width=\"max\" data-height=\"max\"  data-toolbar=\"both\" data-toolbar-fixed=\"on\">PEI ACTUALIZACI\u00d3N ACUERDO 02 DE MARZO 13 DE 2025-OK<br\/><\/a>\n","protected":false},"excerpt":{"rendered":"<p>[vc_row][vc_column][vc_custom_heading text=&#8221;PROYECTO EDUCATIVO INSTITUCIONAL &#8211; PEI&#8221; font_container=&#8221;tag:h2|font_size:30px|text_align:center|line_height:38px&#8221; use_theme_fonts=&#8221;yes&#8221;][vc_column_text] Es la carta de navegaci\u00f3n de las escuelas y colegios, en donde se especifican entre otros aspectos los principios y fines del establecimiento, los recursos docentes y did\u00e1cticos disponibles y necesarios, la estrategia pedag\u00f3gica, el reglamento para&nbsp;<a href=\"http:\/\/iesevilla.edu.co\/sitio\/pei\/\">&hellip;<\/a><\/p>\n","protected":false},"author":1,"featured_media":0,"parent":0,"menu_order":0,"comment_status":"closed","ping_status":"closed","template":"","meta":{"footnotes":""},"class_list":["post-3030","page","type-page","status-publish","hentry","odd"],"_links":{"self":[{"href":"http:\/\/iesevilla.edu.co\/sitio\/wp-json\/wp\/v2\/pages\/3030","targetHints":{"allow":["GET"]}}],"collection":[{"href":"http:\/\/iesevilla.edu.co\/sitio\/wp-json\/wp\/v2\/pages"}],"about":[{"href":"http:\/\/iesevilla.edu.co\/sitio\/wp-json\/wp\/v2\/types\/page"}],"author":[{"embeddable":true,"href":"http:\/\/iesevilla.edu.co\/sitio\/wp-json\/wp\/v2\/users\/1"}],"replies":[{"embeddable":true,"href":"http:\/\/iesevilla.edu.co\/sitio\/wp-json\/wp\/v2\/comments?post=3030"}],"version-history":[{"count":11,"href":"http:\/\/iesevilla.edu.co\/sitio\/wp-json\/wp\/v2\/pages\/3030\/revisions"}],"predecessor-version":[{"id":3621,"href":"http:\/\/iesevilla.edu.co\/sitio\/wp-json\/wp\/v2\/pages\/3030\/revisions\/3621"}],"wp:attachment":[{"href":"http:\/\/iesevilla.edu.co\/sitio\/wp-json\/wp\/v2\/media?parent=3030"}],"curies":[{"name":"wp","href":"https:\/\/api.w.org\/{rel}","templated":true}]}}